divide (2 - -1)/9 + 340/6?
True
Let p(n) = 6*n - 5. Let f be p(1). Does 11 divide (7 + -5)*((-290)/(-4) - f)?
True
Suppose -30 = -4*l + l. Suppose -3*a - x + l = 0, 2*a + 8 = 4*a + x. Suppose -2*y + 42 = -4*p + a, -5*y - 3*p = -152. Is y a multiple of 11?
False
Let o be -12*(1 - 16/12). Suppose -o*q = -5*q + 5. Suppose -4*y - q*i = -115, -y - 4*y - 4*i = -155. Is y a multiple of 21?
False
Let x(j) = -18*j + 14. Suppose -4*s = 5*i - 17, -4*s + 5*i + 47 = -0*i. Let p be x(s). Let f = -89 - p. Is f a multiple of 17?
False
Let g(b) = b**2 - 9*b + 4. Let w be g(8). Let u be 4/((4 - -2) + w). Is 19 a factor of 75/u - (-1)/2?
True
Let r be (-9 + 2)*(-20)/14. Let u = 12 - r. Suppose 0 = 2*b - u*l - 52, 2*b = 6*b + 3*l - 69. Is 7 a factor of b?
True
Suppose s = 3*s - 6. Suppose 5*t = 2*h + 276, -t + 2*t + s*h - 62 = 0. Does 14 divide t?
True
Is 146*(6 - 4/((-40)/15)) a multiple of 15?
True
Let g(c) = c**3 - 8*c**2 - 10*c + 12. Let x be g(9). Suppose j + 129 = 2*n, x*n = -0*j + 4*j + 196. Does 32 divide n?
True
Let b(f) = -f**2 - 61*f - 8. Is b(-38) a multiple of 39?
False
Let z = 35 - 35. Suppose z = -0*y - 2*y. Suppose -4*t + 7*t - 33 = y. Is 7 a factor of t?
False
Let f = 88 + 318. Is f a multiple of 46?
False
Let f(k) = -2*k + 923. Is f(-35) a multiple of 10?
False
Let f be (4/5)/(4/(-30)). Let x(a) = -a + 4. Let d be x(f). Let i(p) = -p + 17. Is 2 a factor of i(d)?
False
Let n = -37 - -29. Let u(i) = i**3 + 9*i**2 + 7*i + 10. Let s be u(n). Let q = 45 - s. Does 9 divide q?
True
Suppose -4*k + 28 = 4*g, -166*g + 171*g + k - 55 = 0. Is g a multiple of 9?
False
Let x be (-16 + 0)/(3 + -5). Let s(n) = -n**2 + 10*n + 3. Let y be s(x). Suppose -2*i = -y - 67. Is i a multiple of 18?
False
Is 34 a factor of (-29805)/(-30)*((7 - 4) + -1)?
False
Let a(i) = i**2 - 10*i + 1824. Does 152 divide a(0)?
True
Suppose 28 = -6*u + 718. Is 6 a factor of u?
False
Let o = 43 + -50. Let b(r) = -15*r - 5. Is b(o) a multiple of 22?
False
Let k(y) = 27*y + 261. Is 18 a factor of k(25)?
True
Let l(j) = -j**2 + 9*j + 12. Let s be l(11). Let y(u) = -3*u - 24. Let q be y(s). Is 63/q - (-1)/2 a multiple of 11?
True
Suppose -5*x = -0*y + 3*y - 4166, -1676 = -2*x + 2*y. Is x a multiple of 10?
False
Let b be 2/(-11) + 11560/55. Suppose -66 - b = -3*p. Does 16 divide p?
False
Let g(r) = 6*r**2 + 5*r. Let f be (-6)/15*(3 - (2 - 4)). Does 12 divide g(f)?
False
Let t(u) = -5*u + 135. Let g be t(26). Suppose -h = y - 8, -4 = -5*h + 11. Suppose -g*j + 26 - 91 = -y*p, p = 2*j + 15. Is p a multiple of 3?
False
Let y(o) = -2*o + 6. Let t be y(5). Let n be (-2)/(5 - (-16)/t). Is 23 a factor of (4/(-2))/n + 22?
True
Suppose 9*b - 481 = 815. Is 31 a factor of b?
False
Suppose 5*b - 11 = 3*l + 6, -2*b + 3*l + 5 = 0. Suppose -b*z + 20 = 0, 0 = -2*g - 0*g - 3*z + 45. Does 13 divide (-316)/(-6) + (-10)/g?
True
Suppose -3814 + 918 = 16*y. Is (13 + -14)/((1/y)/1) a multiple of 16?
False
Let x = -53 + 83. Suppose 79 = 5*j - 291. Let o = j - x. Is 11 a factor of o?
True
Suppose 12 = v - 2*p + 4*p, -2*p + 44 = 5*v. Let a(w) = -8*w + 14. Let i be a(-6). Is 14 a factor of (-4)/v*-1*i?
False
Let l = 4080 - 1238. Is l a multiple of 73?
False
Let n = -19 - -32. Suppose f + 32 = -4*c, 2*f = 3*c + 5*f + 33. Let v = c + n. Does 3 divide v?
True
Suppose -2*d + 4*c = 0, 4*d + 4*c = 5*d + 4. Let y(x) = 4*x - 5. Let j be y(d). Let m(t) = -t**3 + 11*t**2 + 11*t - 16. Is 35 a factor of m(j)?
True
Suppose 164*x + 7310 = 174*x. Does 30 divide x?
False
Let n(y) = 12*y**3 - 4*y**2 - 26*y + 127. Is n(4) a multiple of 37?
False
Let a(k) = -k**3 - k**2 + k + 3. Let b be a(0). Let p(y) = -b*y + 3*y + 0*y + 3*y - 2. Does 4 divide p(2)?
True
Suppose -r + 822 = -1671. Does 11 divide r?
False
Let h(v) = 2*v**2 + 5*v - 3. Let l be h(-3). Suppose -5*f = -4*y - 248, f + 0*y + 3*y - 61 = l. Suppose -14*x = -15*x + f. Is 18 a factor of x?
False
Suppose -9 = -6*z + 3*z, 4*z = 5*t - 2918. Is 10 a factor of t?
False
Let i(l) = 10*l**2 + 13*l - 8. Does 15 divide i(-5)?
False
Let j(b) = 6 - 27*b + 81*b - 20*b - 16*b. Is 8 a factor of j(5)?
True
Suppose -4*o + 1677 = u, 6*o = 2*o - 3*u + 1671. Suppose 0 = 13*n - 20*n + o. Is 10 a factor of n?
True
Let c(d) = d**2 + 8*d - 5. Let a be c(-7). Let p be a/54 - (-914)/(-18). Does 9 divide p/(-2)*8/6?
False
Let s(i) = -2*i**3 + 5*i**2 + 20*i - 3. Let d(w) = -3*w**2 - 10*w + 2 + w**2 + 8*w**3 - 7*w**3. Let r(h) = -5*d(h) - 3*s(h). Does 9 divide r(7)?
True
Suppose -9*h + 6183 + 18171 = 0. Is h a multiple of 44?
False
Suppose 16 = -4*k, -7*f + 4*k + 85 = -4*f. Suppose f*b = 25*b - 72. Is b a multiple of 12?
True
Suppose 5*j - 16325 = -5*m + 505, -j = -2*m + 6726. Is 29 a factor of m?
True
Let h(y) = -16*y + 430. Does 11 divide h(-27)?
False
Let n = 518 - 259. Does 48 divide n?
False
Let w be (-790)/(-90) - 4/(-18). Let v(x) = 3*x**2 + 5*x - 4. Let n(u) = 13*u**2 + 20*u - 15. Let s(h) = w*v(h) - 2*n(h). Is s(-7) a multiple of 8?
True
Let r be 70/((9/3)/3). Let g(x) = x**3 + x**2 - 4*x + 1. Let l be g(-3). Does 13 divide ((-78)/l)/(21/r)?
True
Suppose -2*j + 11 = -u, 3*u - 26 = -j - 10. Suppose -j*d + 3*d + 8 = 0. Suppose 2*v - 10 = 0, -d*y + 2*v = -85 + 15. Is y a multiple of 20?
True
Suppose 0 = 3*u - 9, -3*u + 44 = 5*h - 330. Is 45 a factor of h?
False
Let d be (-3)/2*(-100)/30. Suppose -z + 45 = -d*m - 26, -121 = -2*z + 3*m. Suppose 2*l - z = -3*y, 4*l + 5*y - 96 = 3*y. Is l a multiple of 9?
False
Let k = 193 + -50. Does 4 divide k?
False
Let u(h) = 124*h - 102. Is 35 a factor of u(3)?
False
Suppose 14*a = 2*a + 1560. Let o be 10/15*(-144)/2. Let f = a + o. Does 16 divide f?
False
Suppose 0 = 2*d - q - 1070, 5*d - 2510 = q + 162. Is 18 a factor of d?
False
Let u(t) = 2*t - 29. Let p be u(10). Let n = 33 + p. Is n even?
True
Let v = 463 + 486. Is v a multiple of 13?
True
Let g be ((-4)/(-8))/(-1)*6. Let h be g/2*-2 + 44. Let m = h - 31. Is m a multiple of 7?
False
Let m be 3/(-9) + (-3)/((-18)/1292). Suppose 13 = 3*x - m. Is 23 a factor of x?
False
Let p = 13 - 13. Suppose 0*z + 5*z = p. Suppose -10 = -2*h - z, -4*l + 73 = h. Is 4 a factor of l?
False
Suppose -7*i + 139 + 57 = 0. Does 2 divide i?
True
Suppose 104 = 26*t - 24*t. Suppose -3*o - t = -5*o. Is o a multiple of 13?
True
Suppose -2782 - 3218 = -6*r. Is 11 a factor of r?
False
Suppose -7*a - 22 + 141 = 0. Let x(g) = -g**2 + 4*g + 4. Let y be x(4). Suppose -4*z = o + 15, y*o - 5*z - a = 28. Is 4 a factor of o?
False
Suppose 10*d = 2400 + 3090. Is d a multiple of 14?
False
Suppose -3*d + 2*z = -4*d - 12, -2*z = -4*d + 2. Let g(y) = -11*y**2 - y + 3. Let j(k) = -11*k**2 - k + 4. Let o(r) = -6*g(r) + 5*j(r). Is 11 a factor of o(d)?
True
Suppose 2*m + 296 + 173 = r, 2*r = -m + 953. Does 19 divide r?
True
Suppose 0 = 5*b - 935 - 150. Is 31 a factor of b?
True
Let d(g) = g**3 - 8*g**2 - 10*g - 12. Let m be d(9). Let i be m/35 - (-53)/5. Does 8 divide (-3)/(-3) + -3 + i?
True
Suppose 2*s = -3*r, 2*r + 3*s + 11 = 3*r. Let k be 1 - (17 - 1)/r. Let f = 58 - k. Does 13 divide f?
True
Let u(h) = -h**2 + 21. Let m be u(0). Let a be (-10948)/(-828) + (1 - (-11)/(-9)). Let q = m - a. Is q a multiple of 2?
True
Let l = 1097 - -825. Is l a multiple of 57?
False
Let b(m) = -m - 6. Let j be b(-8). Suppose -j*a + 0*a + 26 = 0. Does 3 divide a?
False
Is 5 a factor of 825/39 - 4/26?
False
Let m(l) be the first derivative of -l**3/3 + 4*l**2 + 9*l - 27. Let b = -18 + 26. Is m(b) a multiple of 5?
False
Suppose -3*s + 3*l = -6, 3*s - 3*l = -l + 6. Is s/(-10) + (-6)/((-120)/2204) a multiple of 34?
False
Suppose 3*q - 8 = -41. Let w(p) = 140*p + 144*p - 292*p + 10. Is w(q) a multiple of 17?
False
Let c be 9/21 + 380/28. Suppose -c = 3*n + 112. Is (-36)/(-5)*(-105)/n a multiple of 6?
True
Let a = -24 - -28. Suppose 57 = a*l - 19. Is l even?
False
Let w(i) = i**3 - i**2 - 15*i + 4. Let c be w(6). Let g = 133 - c. Is 13 a factor of g?
True
Let w be 6/(-1 - 0)*-1. Suppose -26 = -4*z - w. Suppose 0 = 4*i - z*i + 32. Is 18 a factor of i?
False
Suppose 0 = 5*j - 45 - 415. Suppose 2*b - j = -32. Is 14 a factor of b?
False
Let x = -204 + 427. Suppose -3*p = -245 - x. Is 18 a factor of p?
False
Suppose -7*j + 9*j - 3*v - 624 = 0, j = 5*v + 305. Does 35 divide j?
True
Let o(h) = -h**2 - 11*h - 25. Let f be o(-6). Suppose -3*u + f*n + 349 = 0, -5*u = -7*u + 2*n + 234. Does 